ive f(-11).
-23
Let v(k) = -k**3 + k**2 - 2*k + 50. Calculate v(0).
50
Let k(z) = -z**2 - 17*z + 9. What is k(-17)?
9
Let y(c) = 12*c - 29. What is y(6)?
43
Let f(o) = -o**3 + 11*o**2 - 10*o + 21. Determine f(10).
21
Let w(s) = -s**3 - 5*s**2 - 2*s - 5. Determine w(-5).
5
Let x(z) = -2*z**2 + 2*z - 1. Determine x(0).
-1
Let t(n) = -n - 1. Give t(7).
-8
Let o(j) = j**3 - 8*j**2 - 5*j - 5. Give o(9).
31
Let j(z) = z**2 - 30. What is j(-7)?
19
Let t(c) = -c - 3. What is t(2)?
-5
Let x(y) = -y**3 + 2*y**2 - y + 4. What is x(3)?
-8
Let t(p) = -4*p**2 + 1. Determine t(2).
-15
Let s(f) = -3*f**3 + 2*f**2 + f - 2. Determine s(-2).
28
Let m(j) = 14*j + 9. Give m(-4).
-47
Let h(i) = -i**3 + 16*i**2 - 22*i + 10. What is h(15)?
-95
Let k(q) = -2*q**3 - 13*q**2 - 12*q - 1. Calculate k(-5).
-16
Let j(q) = -q**2 - 4*q + 10. Determine j(-5).
5
Let j(v) = -2*v**3 - 26*v**2 - 24*v + 5. Determine j(-12).
5
Let j(q) = -6*q + 3. What is j(9)?
-51
Let j(u) = 2*u**3 + 5*u**2 + 4*u + 4. Give j(-3).
-17
Let q(a) = 2*a**2 + 28*a - 37. Determine q(-12).
-85
Let h(i) = 8*i + 50. Calculate h(-7).
-6
Let v(n) = 6*n + 2. Determine v(-5).
-28
Let g(o) = -o**3 - 10*o**2 + 5*o + 41. Calculate g(-10).
-9
Let u(t) = t**2 - 2*t - 54. What is u(-8)?
26
Let m(r) = r**3 + 39*r**2 + 26. Determine m(-39).
26
Let k(p) = -p**3 + 3*p**2 + 10*p - 23. What is k(2)?
1
Let w(u) = u**2 - 3*u. Give w(5).
10
Let x(s) = 2*s**3 - 3*s**2 + 1. Calculate x(2).
5
Let w(b) = 2*b**2 - 17*b - 33. Give w(10).
-3
Let d(l) = 10*l**3 - 3*l**2 - 2*l + 3. Calculate d(2).
67
Let d(h) = -h**2 - 5*h + 10. Calculate d(-7).
-4
Let x(w) = w**3 + 10*w**2 + 14*w + 6. What is x(-6)?
66
Let k(j) = 8*j**3 - j**2 + j. Determine k(1).
8
Let j(c) = 2*c - 8. Calculate j(3).
-2
Let n(t) = -t**3 - t**2 - 3*t - 1. Give n(3).
-46
Let z(w) = -w**2 - 9*w - 2. Determine z(-4).
18
Let p(q) = -20*q + 9. Determine p(3).
-51
Let v(m) = -m**2 + 3*m + 2. What is v(3)?
2
Let n(a) = -a**3 - 34. Calculate n(0).
-34
Let c(v) = -4*v + 2. Determine c(-3).
14
Let d(b) = b**3 + 14*b**2 + 15*b + 24. Give d(-13).
-2
Let z(d) = 13*d - 12. Determine z(5).
53
Let o(m) = -m**3 - 2*m**2 - 2*m + 1. Calculate o(2).
-19
Let p(a) = 3*a**2 - 26*a - 20. Determine p(12).
100
Let q(c) = 4*c + 17. What is q(-6)?
-7
Let t(p) = -p**2 - 13*p - 41. Determine t(-7).
1
Let r(i) = i**3 + 8*i**2 + 6*i - 10. What is r(-7)?
-3
Let j(a) = -a**3 + 20*a**2 - 18*a - 26. Determine j(19).
-7
Let a(r) = -13*r + 113. What is a(8)?
9
Let w(z) = -2*z + 10. What is w(0)?
10
Let k(r) = -8*r - 18. What is k(3)?
-42
Let g(z) = 4*z**3 - 2*z**2 - 7*z + 5. Give g(-2).
-21
Let a(u) = -u**3 + 35*u**2 - 34*u + 66. Calculate a(34).
66
Let a(b) = b**2 - 4*b + 7. Determine a(7).
28
Let a(k) = 17*k + 35. Give a(-9).
-118
Let u(o) = 3*o**2 + 45*o - 5. What is u(-17)?
97
Let y(z) = z**2 + 8*z + 9. Determine y(-6).
-3
Let b(q) = -7*q**3 + 112*q**2 + q - 28. Calculate b(16).
-12
Let a(f) = -2*f**3 + 5*f**2 - 2*f - 6. Calculate a(2).
-6
Let j(b) = -b**3 + 8*b**2 + b + 13. Give j(9).
-59
Let d(k) = 14*k - 7. Calculate d(9).
119
Let y(d) = -6*d - 25. Calculate y(-20).
95
Let y(m) = m**3 - 4*m**2 - 7*m + 4. Calculate y(5).
-6
Let w(t) = t - 4. Calculate w(-5).
-9
Let q(k) = k**3 - 5*k**2 - 13*k + 55. Give q(5).
-10
Let s(t) = 5*t - 6. Determine s(4).
14
Let w(i) = -10*i**2 + 2*i + 1. Give w(2).
-35
Let w(b) = 30*b + 314. Give w(-10).
14
Let l(h) = -4*h - 26. Calculate l(-8).
6
Let k(m) = -m**3 - 7*m**2 - 3*m + 29. Calculate k(-6).
11
Let c(z) = -9*z + 21. Give c(3).
-6
Let v(k) = -k**2 - 15*k - 9. Give v(-14).
5
Let k(l) = 10*l - 5. Calculate k(-6).
-65
Let s(d) = -d**3 - 7*d**2 + 9*d + 4. Calculate s(-8).
-4
Let x(r) = -35*r - 1. Give x(1).
-36
Let z(w) = -79*w + 79. Determine z(1).
0
Let h(u) = -u - 16. What is h(9)?
-25
Let q(f) = f**3 + 11*f**2 - 16*f - 260. Give q(-10).
0
Let a(y) = -8*y**2 + 10*y - 2. Determine a(2).
-14
Let g(a) = -a**2 - 29*a - 195. Give g(-18).
3
Let v(c) = 166*c - 496. Calculate v(3).
2
Let u(c) = -7*c - 22. Determine u(6).
-64
Let n(v) = -2*v**2 - 5*v - 8. Determine n(-6).
-50
Let q(y) = y**2 - y - 7. Calculate q(4).
5
Let d(p) = 5*p - 28. What is d(0)?
-28
Let o(h) = h**3 - 9*h**2 + 5*h + 14. Determine o(8).
-10
Let j(o) = o**2 - 6*o + 3. Determine j(1).
-2
Let j(c) = -c**2 - 16*c + 20. Determine j(-20).
-60
Let p(b) = 14*b + 104. What is p(-7)?
6
Let r(o) = o + 25. What is r(-18)?
7
Let o(h) = -28*h + 29. Give o(1).
1
Let c(b) = -b**2 - 6*b - 10. Determine c(0).
-10
Let x(d) = 2*d**2 + 28*d - 17. Give x(-12).
-65
Let y(q) = 36*q**2 - q. Give y(-1).
37
Let r(k) = 2*k**2 + 3*k - 2. What is r(3)?
25
Let u(z) = -271*z + 5. Determine u(0).
5
Let w(b) = b**3 - 13*b**2 - 16*b + 3. What is w(14)?
-25
Let q(j) = 20*j + 287. Calculate q(-15).
-13
Let u(j) = -84*j**3 + j**2 - j - 1. Give u(-1).
85
Let f(k) = k**2 - 5*k - 17. What is f(7)?
-3
Let d(l) = -l**3 - 23*l**2 - 48*l + 24. Calculate d(-21).
150
Let x(r) = -r**3 - 7*r**2 + 9*r + 4. What is x(-8)?
-4
Let m(g) = -g**2 + 21. What is m(-9)?
-60
Let k(a) = -25*a**3 - a**2 + a. What is k(1)?
-25
Let j(h) = -h**3 + 10*h**2 - 20*h - 10. What is j(5)?
15
Let r(v) = -2*v - 22. Give r(14).
-50
Let s(q) = -7*q**3 + 2*q**2 - 2*q + 1. What is s(1)?
-6
Let u(x) = x**3 + 31*x**2 - 30*x + 65. Determine u(-32).
1
Let q(s) = s**3 - 31*s**2 + 30*s + 8. Calculate q(30).
8
Let u(s) = 7*s**2 - s - 2. Calculate u(2).
24
Let m(p) = -4*p + 15. Give m(-7).
43
Let j(h) = 7*h**2 + 18*h - 1. Give j(-3).
8
Let k(p) = 53*p - 638. Determine k(12).
-2
Let x(p) = -p**2 - 41*p - 421. Give x(-21).
-1
Let s(r) = 4*r**2 - 2*r. Determine s(5).
90
Let r(u) = -u**3 + 3*u**2 + 8*u + 6. What is r(-1)?
2
Let t(z) = z**3 - 5*z**2 - 3*z + 2. Calculate t(6).
20
Let x(u) = -3*u**2 + 11*u + 9. What is x(5)?
-11
Let d(s) = -s**3 - s**2 - s + 2. Determine d(1).
-1
Let h(t) = -t**2 + 25*t - 132. Calculate h(18).
-6
Let i(p) = 11*p - 24. What is i(7)?
53
Let g(m) = 2*m**3 + 8*m**2 + 6*m + 6. Determine g(-3).
6
Let j(u) = -6*u. Give j(10).
-60
Let y(f) = -2*f**3 + 19*f**2 - 4*f - 5. Determine y(9).
40
Let c(h) = -2*h**3 + 4*h**2 + 6*h - 2. Determine c(3).
-2
Let y(l) = l**3 - 22*l**2 + 20*l + 23. What is y(21)?
2
Let a(z) = -z**2 + 3*z - 6. What is a(3)?
-6
Let i(l) = 2*l**3 - 6*l**2 + 6*l - 2. What is i(3)?
16
Let g(w) = -2*w - 44. Calculate g(0).
-44
Let u(a) = a**2 - 5*a + 11. Determine u(6).
17
Let r(f) = -2*f - 15. Calculate r(-9).
3
Let y(k) = -171*k - 520. Give y(-3).
-7
Let x(i) = 4*i - 13. Give x(10).
27
Let q(o) = 17*o**2 - 3*o + 3. What is q(1)?
17
Let w(i) = 5*i - 44. Give w(31).
111
Let b(z) = z**2 - 6*z + 4. Determine b(4).
-4
Let t(p) = -p**2 + p - 5. What is t(4)?
-17
Let s(q) = 3*q**2 - 24*q + 9. Give s(6).
-27
Let r(k) = -k**2 - 9*k - 12. Calculate r(-4).
8
Let c(a) = -a**3 - 7*a**2 - 3*a - 12. What is c(-7)?
9
Let p(k) = 2*k - 29. Give p(13).
-3
Let p(b) = 2*b**2 + 9*b + 28. Give p(-3).
19
Let p(h) = -5*h + 40. What is p(8)?
0
Let t(n) = 3*n**3 + n**2 + n. Determine t(-1).
-3
Let r(f) = 2*f**3 - f**2 - 3*f - 6. What is r(-2)?
-20
Let a(c) = -c**3 - c**2 + c + 13. What is a(0)?
13
Let v(a) = 2*a**2 - 6*a + 49. Give v(6).
85
Let t(r) = 2*r**2 - 7*r + 4. Calculate t(4).
8
Let q(h) = 54*h + 166. Give q(-3).
4
Let x(t) = t**2 - 5*t + 30. What is x(6)?
36
Let m(l) = l**2 - 2*l - 27. What is m(6)?
-3
Let d(c) = -c**3 - 48. Determine d(0).
-48
Let x(k) = 2*k**3 + 2*k**2 - k + 1. What is x(-2)?
-5
Let f(h) = -2*h + 21. Determine f(14).
-7
Let s(b) = 11*b - 96. What is s(8)?
-8
Let v(w) = -w**2 + 3*w - 7. What is v(5)?
-17
Let x(a) = -a**3 - 4*a - 1. Calculate x(-2).
15
Let v(o) = -2*o**2 - 13*o. What is v(-6)?
6
Let z(l) = 27*l - 24. What is z(5)?
111
Let b(j) = -j**3 - 14*j**2 - 13*j + 5. Give b(-13).
5
Let i(p) = -p**2 + 6*p - 4. Determine i(2).
4
Let y(r) = r**2 - 12*r - 193. Determine y(-9).
-4
Let k(c) = -c**3 + 121. Calculate k(0).
121
Let x(r) = -r**2 - 7*r - 5. Determine x(-7).
-5
Let r(b) = b + 28. What is r(-21)?
7
Let t(q) = -q + 15. Calculate t(0).
15
Let y(a) = 2*a**2 - 4*a - 4. Give y(4).
12
Let k(z) = -z + 53. Determine k(30).
23
Let o(j) = -j**3 - 34*j**2 + 31*j - 139. What is o(-35)?
1
Let u(a) = -a**3 + 6*a**2 + 6*a. Give u(5).
55
Let d(a) = a**3 + 7*a**2 + 3*a + 2. Calculate d(-5).
37
Let d(z) = -z + 13. Determine d(15).
-2
Let h(k) = k**3 + 7*k*